tors of 8675556?
2, 3, 722963
What are the prime factors of 445168?
2, 27823
What are the prime factors of 2878920?
2, 3, 5, 11, 727
What are the prime factors of 231724?
2, 19, 3049
What are the prime factors of 265205?
5, 29, 31, 59
What are the prime factors of 140230?
2, 5, 37, 379
List the prime factors of 484296.
2, 3, 17, 1187
List the prime factors of 3705689.
13, 61, 4673
What are the prime factors of 547759?
97, 5647
List the prime factors of 614726.
2, 7, 19, 2311
What are the prime factors of 2144027?
919, 2333
List the prime factors of 1249140.
2, 3, 5, 109, 191
What are the prime factors of 45618?
2, 3, 7603
List the prime factors of 58889.
58889
List the prime factors of 899045.
5, 7, 17, 1511
List the prime factors of 836378.
2, 418189
List the prime factors of 1542944.
2, 13, 3709
List the prime factors of 394852.
2, 98713
List the prime factors of 337636.
2, 13, 43, 151
List the prime factors of 143425.
5, 5737
List the prime factors of 522441.
3, 58049
List the prime factors of 145630.
2, 5, 14563
List the prime factors of 3888763.
3888763
List the prime factors of 780740.
2, 5, 103, 379
What are the prime factors of 19314915?
3, 5, 1287661
List the prime factors of 7932336.
2, 3, 17, 9721
What are the prime factors of 233992?
2, 11, 2659
List the prime factors of 4857646.
2, 23, 105601
List the prime factors of 71618.
2, 35809
List the prime factors of 757871.
37, 20483
What are the prime factors of 3280374?
2, 3, 182243
List the prime factors of 666567.
3, 11, 6733
List the prime factors of 22016673.
3, 7, 349471
What are the prime factors of 3858940?
2, 5, 23, 8389
List the prime factors of 472247.
472247
List the prime factors of 226755.
3, 5, 5039
List the prime factors of 8485938.
2, 3, 167, 941
List the prime factors of 450478.
2, 7, 23, 1399
List the prime factors of 6026005.
5, 37, 32573
What are the prime factors of 6703411?
11, 13, 46877
What are the prime factors of 4098819?
3, 17, 80369
What are the prime factors of 320423?
71, 4513
What are the prime factors of 121541?
7, 97, 179
What are the prime factors of 13674556?
2, 7, 47, 10391
What are the prime factors of 3274159?
7, 467737
What are the prime factors of 60287?
19, 167
List the prime factors of 1209324.
2, 3, 179, 563
What are the prime factors of 3417990?
2, 3, 5, 113933
List the prime factors of 1712285.
5, 31, 11047
What are the prime factors of 4616006?
2, 2308003
List the prime factors of 2142130.
2, 5, 214213
List the prime factors of 796450.
2, 5, 17, 937
What are the prime factors of 3786448?
2, 236653
List the prime factors of 21741797.
7, 11, 373, 757
What are the prime factors of 2131593?
3, 710531
What are the prime factors of 918764?
2, 7, 11, 19, 157
List the prime factors of 16366983.
3, 53, 79, 1303
What are the prime factors of 27073?
27073
What are the prime factors of 16246?
2, 8123
List the prime factors of 2001062.
2, 7, 2917
List the prime factors of 1925911.
13, 148147
What are the prime factors of 20479533?
3, 6826511
List the prime factors of 44887.
44887
What are the prime factors of 3068283?
3, 1022761
List the prime factors of 1371164.
2, 342791
What are the prime factors of 2028925?
5, 81157
What are the prime factors of 1009823?
929, 1087
List the prime factors of 1898166.
2, 3, 29, 10909
What are the prime factors of 13892552?
2, 23, 75503
What are the prime factors of 104610?
2, 3, 5, 11, 317
List the prime factors of 1420178.
2, 710089
What are the prime factors of 2336848?
2, 19, 7687
List the prime factors of 9132212.
2, 463, 4931
What are the prime factors of 1683461?
13, 129497
List the prime factors of 2102870.
2, 5, 7, 11, 2731
What are the prime factors of 1135383?
3, 19, 19919
What are the prime factors of 6218372?
2, 23, 257, 263
List the prime factors of 1463593.
241, 6073
What are the prime factors of 453830?
2, 5, 13, 3491
What are the prime factors of 1041190?
2, 5, 104119
What are the prime factors of 8195?
5, 11, 149
List the prime factors of 499844.
2, 29, 31, 139
What are the prime factors of 9321264?
2, 3, 21577
List the prime factors of 7402139.
53, 139663
What are the prime factors of 6035180?
2, 5, 301759
What are the prime factors of 550560?
2, 3, 5, 31, 37
What are the prime factors of 629996?
2, 29, 5431
What are the prime factors of 356243?
356243
List the prime factors of 79736.
2, 9967
What are the prime factors of 243815?
5, 11, 13, 31
What are the prime factors of 1188922?
2, 7, 163, 521
List the prime factors of 34497.
3, 3833
What are the prime factors of 68704?
2, 19, 113
What are the prime factors of 3600165?
3, 5, 240011
List the prime factors of 99037.
97, 1021
List the prime factors of 593582.
2, 11, 26981
List the prime factors of 9032890.
2, 5, 83, 10883
What are the prime factors of 8583492?
2, 3, 331, 2161
List the prime factors of 22400322.
2, 3, 7, 17, 137, 229
What are the prime factors of 148444?
2, 17, 37, 59
List the prime factors of 3928873.
13, 302221
What are the prime factors of 112252?
2, 7, 19, 211
What are the prime factors of 1302888?
2, 3, 54287
What are the prime factors of 1941361?
23, 84407
What are the prime factors of 795107?
17, 46771
What are the prime factors of 470475?
3, 5, 17, 41
What are the prime factors of 10701464?
2, 29, 193, 239
What are the prime factors of 139719?
3, 46573
What are the prime factors of 1543738?
2, 7, 31, 3557
List the prime factors of 63420.
2, 3, 5, 7, 151
What are the prime factors of 708208?
2, 44263
What are the prime factors of 19444487?
19444487
List the prime factors of 3802145.
5, 101, 7529
What are the prime factors of 12072959?
73, 165383
What are the prime factors of 526948?
2, 103, 1279
List the prime factors of 897769.
19, 47251
List the prime factors of 13326929.
7, 11, 17, 10181
List the prime factors of 2399930.
2, 5, 13, 18461
List the prime factors of 673891.
673891
What are the prime factors of 9320718?
2, 3, 11, 141223
List the prime factors of 12606157.
1249, 10093
What are the prime factors of 371811?
3, 11, 19, 593
What are the prime factors of 461392?
2, 28837
List the prime factors of 2883833.
139, 20747
List the prime factors of 226291.
13, 103
What are the prime factors of 25391?
25391
What are the prime factors of 2271410?
2, 5, 197, 1153
What are the prime factors of 408114?
2, 3, 7, 41, 79
What are the prime factors of 3870670?
2, 5, 23, 16829
What are the prime factors of 562771?
11, 4651
What are the prime factors of 921506?
2, 31, 89, 167
What are the prime factors of 171456?
2, 3, 19, 47
What are the prime factors of 979617?
3, 326539
List the prime factors of 945407.
31, 30497
What are the prime factors of 51980?
2, 5, 23, 113
List the prime factors of 1848818.
2, 17, 54377
What are the prime factors of 128778?
2, 3, 13, 127
List the prime factors of 538356.
2, 3, 7, 13, 17, 29
What are the prime factors of 377055?
3, 5, 7, 19
What are the prime factors of 689589?
3, 193, 397
List the prime factors of 216735.
3, 5, 14449
What are the prime factors of 18384803?
17, 541, 1999
What are the prime factors of 3697175?
5, 41, 3607
What are the prime factors of 6848053?
1231, 5563
List the prime factors of 5058217.
5058217
List the prime factors of 2278438.
2, 31, 36749
List the prime factors of 4828650.
2, 3, 5, 32191
List the prime factors of 19314428.
2, 7, 98543
What are the prime factors of 172420?
2, 5, 37, 233
What are the prime factors of 1014192?
2, 3, 7043
What are the prime factors of 1148175?
3, 5, 7
What are the prime factors of 839490?
2, 3, 5, 27983
List the prime factors of 2189833.
281, 7793
What are the prime factors of 3441646?
2, 13, 132371
What are the prime factors of 231193?
47, 4919
What are the prime factors of 995893?
839, 1187
What are the prime factors of 11228618?
2, 701, 8009
What are the prime factors of 4052165?
5, 13, 31, 2011
List the prime factors of 588377.
71, 8287
List the prime factors of 998713.
73, 13681
What are the prime factors of 264905?
5, 52981
List the prime factors of 1345254.
2, 3, 224209
What are the prime factors of 20251533?
3, 6750511
What are the prime factors of 7173603?
3, 53, 557
List the prime factors of 226870.
2, 5, 7, 463
List the prime factors of 160402.
2, 11, 23, 317
List the prime factors of 32475377.
11, 2952307
What are the prime fac